{"id":442,"date":"2012-05-15T08:20:51","date_gmt":"2012-05-15T06:20:51","guid":{"rendered":"https:\/\/old.szpitaltoszek.pl\/?page_id=442"},"modified":"2024-01-26T09:15:19","modified_gmt":"2024-01-26T08:15:19","slug":"xiii-odwykowy-alkoholowy-terapia","status":"publish","type":"page","link":"https:\/\/old.szpitaltoszek.pl\/?page_id=442","title":{"rendered":"Oddzia\u0142 XIII Odwykowy Alkoholowy"},"content":{"rendered":"<p><strong>Kierownik oddzia\u0142u<br \/>\n<\/strong>mgr Agata M\u0142ynarczyk-Burek<\/p>\n<p><strong>Lekarz konsultuj\u0105cy<br \/>\n<\/strong>lek. Aleksander Le\u017cuch<\/p>\n<p><span style=\"color: #000000;\"><b>Piel\u0119gniarka Oddzia\u0142owa<\/b><\/span><br \/>\nElwira Giemza<\/p>\n<p>tel. 32 233 41 12<br \/>\nGabinet piel\u0119gniarski: 233<br \/>\nKierownik: 273<\/p>\n<p>e-mail: <a href=\"mailto:terapiaodwykowa@szpitaltoszek.pl\">terapiaodwykowa@szpitaltoszek.pl<\/a><\/p>\n<p><strong>Telefon dla pacjent\u00f3w:\u00a0<\/strong>wew. 378<\/p>\n<hr \/>\n<p style=\"text-align: center;\"><span style=\"text-decoration: underline;\"><strong>INFORMACJA O ODDZIALE XIII<\/strong><\/span><\/p>\n<p>Oddzia\u0142 Odwykowy Alkoholowy XIII SP ZOZ Szpitala Psychiatrycznego w Toszku przyjmuje osoby uzale\u017cnione od alkoholu i pozosta\u0142ych rozpozna\u0144 leczonych w oddziale, zg\u0142aszaj\u0105ce ch\u0119\u0107 podj\u0119cia terapii oraz osoby, wobec kt\u00f3rych orzeczony zosta\u0142 obowi\u0105zek leczenia odwykowego. Pacjentami oddzia\u0142u mog\u0105 by\u0107 zar\u00f3wno kobiety, jak i m\u0119\u017cczy\u017ani.<\/p>\n<p>Informacja dla os\u00f3b zainteresowanych podj\u0119ciem leczenia odwykowego w Oddziale Odwykowym Alkoholowym XIII SP ZOZ Szpitala Psychiatrycznego w Toszku:<\/p>\n<ul>\n<li>Aby podj\u0105\u0107 leczenie w oddziale nale\u017cy najpierw odby\u0107 rozmow\u0119 kwalifikacyjn\u0105 z psychologiem lub terapeut\u0105 uzale\u017cnie\u0144. Rozmowy kwalifikacyjne prowadzone s\u0105 na bie\u017c\u0105co po wcze\u015bniejszym ustaleniu terminu drog\u0105 telefoniczn\u0105 tel 32 233 41 12 wew 273.<\/li>\n<li>Na wyznaczony termin konsultacji nale\u017cy przyby\u0107 w stanie niewskazuj\u0105cym na spo\u017cycie alkoholu. Nale\u017cy mie\u0107 ze sob\u0105 skierowanie od lekarza, kt\u00f3re jest aktualne (nie starsze ni\u017c 14 dni) oraz prawid\u0142owo wystawione (rozpoznania leczone w tutejszym oddziale to: F10.2, F 10.8., F10.9, F 13.2, F 19.2, F19.8, F 19.9, F 63.0, F 63.8) Kod identyfikacyjny naszego oddzia\u0142u to 4744. Osoby z nieprawid\u0142owym skierowaniem nie zostan\u0105 skonsultowane.<\/li>\n<li>Po zakwalifikowaniu do oddzia\u0142u pacjent wpisany jest do listy kolejkowej. Czas oczekiwania mo\u017ce ulec przyspieszeniu w miar\u0119 zmiany dost\u0119pno\u015bci \u0142\u00f3\u017cek, informujemy w\u00f3wczas telefonicznie o takiej mo\u017cliwo\u015bci.<\/li>\n<li>Przed rozpocz\u0119ciem leczenia nale\u017cy za\u0142atwi\u0107 wszelkie wa\u017cne sprawy np.: s\u0105dowe, zasi\u0142ki, specjalistyczne wizyty lekarskie itp., poniewa\u017c w trakcie terapii pacjenci z zasady nie s\u0105 urlopowani.<\/li>\n<li>W wyznaczony dzie\u0144 przyj\u0119cia nale\u017cy uda\u0107 si\u0119 do Izby Przyj\u0119\u0107 Szpitala Psychiatrycznego w Toszku wraz z dokumentem potwierdzaj\u0105cym to\u017csamo\u015b\u0107. Nale\u017cy zachowa\u0107 abstynencj\u0119 przy przyj\u0119ciu.<\/li>\n<li>Zaopatrzy\u0107 si\u0119 w zeszyt, teczk\u0119 i przybory do pisania.<\/li>\n<\/ul>\n<p>Okres pobytu na Oddziale XIII trwa ok. 7 tygodni.<br \/>\nW razie pyta\u0144 prosimy o kontakt telefoniczny.<\/p>\n<hr \/>\n<h5><strong><a href=\"https:\/\/old.szpitaltoszek.pl\/?page_id=13\">&lt;&#8212;powr\u00f3t do listy oddzia\u0142\u00f3w<\/a><\/strong><\/h5>\n","protected":false},"excerpt":{"rendered":"<p>Kierownik oddzia\u0142u mgr Agata M\u0142ynarczyk-Burek Lekarz konsultuj\u0105cy lek. Aleksander Le\u017cuch Piel\u0119gniarka Oddzia\u0142owa Elwira Giemza tel. 32 233 41 12 Gabinet piel\u0119gniarski: 233 Kierownik: 273 e-mail: terapiaodwykowa@szpitaltoszek.pl Telefon dla pacjent\u00f3w:\u00a0wew. 378 INFORMACJA O ODDZIALE XIII Oddzia\u0142 Odwykowy Alkoholowy XIII SP ZOZ &hellip; <a href=\"https:\/\/old.szpitaltoszek.pl\/?page_id=442\">Czytaj dalej <span class=\"meta-nav\">&rarr;<\/span><\/a><\/p>\n","protected":false},"author":1,"featured_media":0,"parent":13,"menu_order":13,"comment_status":"closed","ping_status":"closed","template":"","meta":{"footnotes":""},"class_list":["post-442","page","type-page","status-publish","hentry"],"_links":{"self":[{"href":"https:\/\/old.szpitaltoszek.pl\/index.php?rest_route=\/wp\/v2\/pages\/442","targetHints":{"allow":["GET"]}}],"collection":[{"href":"https:\/\/old.szpitaltoszek.pl\/index.php?rest_route=\/wp\/v2\/pages"}],"about":[{"href":"https:\/\/old.szpitaltoszek.pl\/index.php?rest_route=\/wp\/v2\/types\/page"}],"author":[{"embeddable":true,"href":"https:\/\/old.szpitaltoszek.pl\/index.php?rest_route=\/wp\/v2\/users\/1"}],"replies":[{"embeddable":true,"href":"https:\/\/old.szpitaltoszek.pl\/index.php?rest_route=%2Fwp%2Fv2%2Fcomments&post=442"}],"version-history":[{"count":29,"href":"https:\/\/old.szpitaltoszek.pl\/index.php?rest_route=\/wp\/v2\/pages\/442\/revisions"}],"predecessor-version":[{"id":9458,"href":"https:\/\/old.szpitaltoszek.pl\/index.php?rest_route=\/wp\/v2\/pages\/442\/revisions\/9458"}],"up":[{"embeddable":true,"href":"https:\/\/old.szpitaltoszek.pl\/index.php?rest_route=\/wp\/v2\/pages\/13"}],"wp:attachment":[{"href":"https:\/\/old.szpitaltoszek.pl\/index.php?rest_route=%2Fwp%2Fv2%2Fmedia&parent=442"}],"curies":[{"name":"wp","href":"https:\/\/api.w.org\/{rel}","templated":true}]}}