{"id":1870,"date":"2015-02-26T11:31:47","date_gmt":"2015-02-26T10:31:47","guid":{"rendered":"https:\/\/old.szpitaltoszek.pl\/?page_id=1870"},"modified":"2025-04-28T08:35:09","modified_gmt":"2025-04-28T06:35:09","slug":"informacje-ogolne-2","status":"publish","type":"page","link":"https:\/\/old.szpitaltoszek.pl\/?page_id=1870","title":{"rendered":"Informacje og\u00f3lne"},"content":{"rendered":"<p><a href=\"https:\/\/old.szpitaltoszek.pl\/pliki\/statut\/Statut_2017-06-07.pdf\" target=\"_blank\" rel=\"noopener noreferrer\">Statut jednostki<\/a><\/p>\n<p><a href=\"https:\/\/old.szpitaltoszek.pl\/wp-content\/uploads\/2025\/04\/Regulamin-organizacyjny.pdf\" data-type=\"link\" data-id=\"https:\/\/old.szpitaltoszek.pl\/wp-content\/uploads\/2025\/04\/Regulamin-organizacyjny.pdf\">Zarz\u0105dzenie Dyrektora szpitala nr 30\/2025 w sprawie regulaminu organizacyjnego SP ZOZ Szpitala Psychiatrycznego w Toszku<\/a><\/p>\n<p><a href=\"https:\/\/old.szpitaltoszek.pl\/wp-content\/uploads\/2025\/03\/ADM-25032821520.pdf\" data-type=\"link\" data-id=\"https:\/\/old.szpitaltoszek.pl\/wp-content\/uploads\/2025\/03\/ADM-25032821520.pdf\">Zarz\u0105dzenie Dyrektora szpitala nr 22\/2025 w sprawie regulaminu organizacyjnego SP ZOZ Szpitala Psychiatrycznego w Toszku (pdf)<\/a><\/p>\n<p><a href=\"https:\/\/old.szpitaltoszek.pl\/wp-content\/uploads\/2024\/11\/2024-11-26-egulamin.pdf\">Zarz\u0105dzenie Dyrektora nr 76\/2024 &#8211; w sprawie wprowadzenia zmiany w Regulaminie Organizacyjnym<\/a><\/p>\n<p><a href=\"https:\/\/old.szpitaltoszek.pl\/pliki\/statut\/regulamin_2024-05.pdf\">Zarz\u0105dzenie Dyrektora nr 32\/2024 &#8211; w sprawie wprowadzenia zmiany w Regulaminie Organizacyjnym<\/a><\/p>\n<p><a href=\"https:\/\/old.szpitaltoszek.pl\/pliki\/statut\/zarzadzenie_2020-111.pdf\">Zarz\u0105dzenie Dyrektora nr 111\/2020 &#8211; o powo\u0142aniu Inspektora Danych Osobowych<\/a><\/p>\n<p><a href=\"https:\/\/old.szpitaltoszek.pl\/?page_id=1229\">\u015awiadczenia Opieki Zdrowotnej udzielane w SP ZOZ Szpitalu Psychiatrycznym w Toszku<\/a><a href=\"https:\/\/old.szpitaltoszek.pl\/pliki\/statut\/oplaty_2016_12_2.pdf\" target=\"_blank\" rel=\"noopener noreferrer\"><br \/>\n<\/a><\/p>\n<p><a href=\"https:\/\/old.szpitaltoszek.pl\/pliki\/statut\/wniosek_udost_dokumentacji_med.pdf\" target=\"_blank\" rel=\"noopener noreferrer\">Wniosek o udost\u0119pnienie kserokopii\/odpisu dokumentacji medycznej<\/a><\/p>\n<p><a href=\"https:\/\/old.szpitaltoszek.pl\/wp-content\/uploads\/2024\/08\/oplaty_2024-09-01.pdf\">Wysoko\u015b\u0107 op\u0142at za udost\u0119pnianie dokumentacji medycznej obowi\u0105zuj\u0105ca od 01.09.2024 roku<\/a><\/p>\n<p><a href=\"https:\/\/old.szpitaltoszek.pl\/pliki\/statut\/oplaty_przechow_zwlok.pdf\">Wysoko\u015b\u0107 op\u0142at za przechowywanie zw\u0142ok pacjenta<\/a><\/p>\n<p><strong>CENNIK US\u0141UG MEDYCZNYCH<br \/>\n<\/strong><a href=\"https:\/\/old.szpitaltoszek.pl\/wp-content\/uploads\/2024\/11\/2024-11-26-cennik.pdf\" target=\"_blank\" rel=\"noopener noreferrer\">Pobierz cennik<\/a><\/p>\n<p><a href=\"https:\/\/old.szpitaltoszek.pl\/wp-content\/uploads\/2025\/03\/raport-2025-01-01.pdf\">Raport o stanie dost\u0119pno\u015bci podmiotu publicznego na dzie\u0144 01.01.2025 r. (pdf)<\/a><\/p>\n<hr \/>\n<h5><strong><a href=\"https:\/\/old.szpitaltoszek.pl\/\">O nas<\/a><br \/>\n<a href=\"https:\/\/old.szpitaltoszek.pl\/?page_id=1870\">Informacje og\u00f3lne<\/a><br \/>\n<\/strong><strong><a href=\"https:\/\/old.szpitaltoszek.pl\/?page_id=1952\">Dyrekcja<\/a><\/strong><br \/>\n<strong><a href=\"https:\/\/old.szpitaltoszek.pl\/?page_id=4991\">Bud\u017cet i maj\u0105tek<\/a><br \/>\n<a href=\"https:\/\/old.szpitaltoszek.pl\/?page_id=4928\">Ksi\u0105\u017cka teleadresowa<\/a><\/strong><\/h5>\n","protected":false},"excerpt":{"rendered":"<p>Statut jednostki Zarz\u0105dzenie Dyrektora szpitala nr 30\/2025 w sprawie regulaminu organizacyjnego SP ZOZ Szpitala Psychiatrycznego w Toszku Zarz\u0105dzenie Dyrektora szpitala nr 22\/2025 w sprawie regulaminu organizacyjnego SP ZOZ Szpitala Psychiatrycznego w Toszku (pdf) Zarz\u0105dzenie Dyrektora nr 76\/2024 &#8211; w sprawie &hellip; <a href=\"https:\/\/old.szpitaltoszek.pl\/?page_id=1870\">Czytaj dalej <span class=\"meta-nav\">&rarr;<\/span><\/a><\/p>\n","protected":false},"author":1,"featured_media":0,"parent":0,"menu_order":0,"comment_status":"closed","ping_status":"open","template":"","meta":{"footnotes":""},"class_list":["post-1870","page","type-page","status-publish","hentry"],"_links":{"self":[{"href":"https:\/\/old.szpitaltoszek.pl\/index.php?rest_route=\/wp\/v2\/pages\/1870","targetHints":{"allow":["GET"]}}],"collection":[{"href":"https:\/\/old.szpitaltoszek.pl\/index.php?rest_route=\/wp\/v2\/pages"}],"about":[{"href":"https:\/\/old.szpitaltoszek.pl\/index.php?rest_route=\/wp\/v2\/types\/page"}],"author":[{"embeddable":true,"href":"https:\/\/old.szpitaltoszek.pl\/index.php?rest_route=\/wp\/v2\/users\/1"}],"replies":[{"embeddable":true,"href":"https:\/\/old.szpitaltoszek.pl\/index.php?rest_route=%2Fwp%2Fv2%2Fcomments&post=1870"}],"version-history":[{"count":67,"href":"https:\/\/old.szpitaltoszek.pl\/index.php?rest_route=\/wp\/v2\/pages\/1870\/revisions"}],"predecessor-version":[{"id":12062,"href":"https:\/\/old.szpitaltoszek.pl\/index.php?rest_route=\/wp\/v2\/pages\/1870\/revisions\/12062"}],"wp:attachment":[{"href":"https:\/\/old.szpitaltoszek.pl\/index.php?rest_route=%2Fwp%2Fv2%2Fmedia&parent=1870"}],"curies":[{"name":"wp","href":"https:\/\/api.w.org\/{rel}","templated":true}]}}